{"id":35,"date":"2021-10-19T13:37:26","date_gmt":"2021-10-19T16:37:26","guid":{"rendered":"https:\/\/academiaderegenciaufmg.sinos.art.br\/?page_id=35"},"modified":"2021-11-08T09:25:08","modified_gmt":"2021-11-08T12:25:08","slug":"home","status":"publish","type":"page","link":"https:\/\/academiaderegenciaufmg.sinos.art.br\/","title":{"rendered":"Home"},"content":{"rendered":"\t\t<div data-elementor-type=\"wp-page\" data-elementor-id=\"35\" class=\"elementor elementor-35\" data-elementor-post-type=\"page\">\n\t\t\t\t\t\t<section class=\"elementor-section elementor-top-section elementor-element elementor-element-1749423 elementor-section-full_width elementor-section-stretched elementor-section-height-default elementor-section-height-default\" data-id=\"1749423\" data-element_type=\"section\" data-settings=\"{&quot;background_background&quot;:&quot;classic&quot;,&quot;stretch_section&quot;:&quot;section-stretched&quot;}\">\n\t\t\t\t\t\t<div class=\"elementor-container elementor-column-gap-default\">\n\t\t\t\t\t<div class=\"elementor-column elementor-col-100 elementor-top-column elementor-element elementor-element-090083a\" data-id=\"090083a\" data-element_type=\"column\">\n\t\t\t<div class=\"elementor-widget-wrap\">\n\t\t\t\t\t\t\t<\/div>\n\t\t<\/div>\n\t\t\t\t\t<\/div>\n\t\t<\/section>\n\t\t\t\t<section class=\"elementor-section elementor-top-section elementor-element elementor-element-1a452c8 elementor-section-boxed elementor-section-height-default elementor-section-height-default\" data-id=\"1a452c8\" data-element_type=\"section\">\n\t\t\t\t\t\t<div class=\"elementor-container elementor-column-gap-default\">\n\t\t\t\t\t<div class=\"elementor-column elementor-col-100 elementor-top-column elementor-element elementor-element-42aedeb\" data-id=\"42aedeb\" data-element_type=\"column\">\n\t\t\t<div class=\"elementor-widget-wrap elementor-element-populated\">\n\t\t\t\t\t\t<div class=\"elementor-element elementor-element-c9935b9 eael-infobox-content-align--center eael-infobox-icon-bg-shape-none eael-infobox-icon-hover-bg-shape-none elementor-widget elementor-widget-eael-info-box\" data-id=\"c9935b9\" data-element_type=\"widget\" data-widget_type=\"eael-info-box.default\">\n\t\t\t\t<div class=\"elementor-widget-container\">\n\t\t\t        <div class=\"eael-infobox\">\n\t            <div class=\"infobox-icon eael-icon-only\">\n\n            \n                            <div class=\"infobox-icon-wrap\">\n                    <i aria-hidden=\"true\" class=\"fas fa-handshake\"><\/i>                <\/div>\n            \n            \n        <\/div>\n            <div class=\"infobox-content eael-icon-only\">\n            <h2 class=\"title\">As Academias de Reg\u00eancia SINOS e UFMG se unem na promo\u00e7\u00e3o deste evento<\/h2>        <\/div>\n            <\/div>\n\n\t\t\t\t<\/div>\n\t\t\t\t<\/div>\n\t\t\t\t\t<\/div>\n\t\t<\/div>\n\t\t\t\t\t<\/div>\n\t\t<\/section>\n\t\t\t\t<section class=\"elementor-section elementor-top-section elementor-element elementor-element-fadba09 elementor-section-boxed elementor-section-height-default elementor-section-height-default\" data-id=\"fadba09\" data-element_type=\"section\" data-settings=\"{&quot;background_background&quot;:&quot;classic&quot;}\">\n\t\t\t\t\t\t<div class=\"elementor-container elementor-column-gap-default\">\n\t\t\t\t\t<div class=\"elementor-column elementor-col-100 elementor-top-column elementor-element elementor-element-e167a9e\" data-id=\"e167a9e\" data-element_type=\"column\">\n\t\t\t<div class=\"elementor-widget-wrap elementor-element-populated\">\n\t\t\t\t\t\t<div class=\"elementor-element elementor-element-0e49502 elementor-widget elementor-widget-heading\" data-id=\"0e49502\" data-element_type=\"widget\" data-widget_type=\"heading.default\">\n\t\t\t\t<div class=\"elementor-widget-container\">\n\t\t\t<h3 class=\"elementor-heading-title elementor-size-default\">ACADEMIA DE REG\u00caNCIA SINOS<\/h3>\t\t<\/div>\n\t\t\t\t<\/div>\n\t\t\t\t<div class=\"elementor-element elementor-element-fdaf0a1 elementor-widget elementor-widget-text-editor\" data-id=\"fdaf0a1\" data-element_type=\"widget\" data-widget_type=\"text-editor.default\">\n\t\t\t\t<div class=\"elementor-widget-container\">\n\t\t\t\t\t\t\t<p>A Academia de Reg\u00eancia Sinos \u00e9 uma das linhas de atua\u00e7\u00e3o do Sistema Nacional de Orquestras Sociais e tem como foco n\u00e3o somente os jovens regentes, mas tamb\u00e9m as orquestras dos projetos sociais, oferecendo a eles conte\u00fado did\u00e1tico e professores. Esse conte\u00fado contempla v\u00eddeo oficinas sobre temas introdut\u00f3rios da reg\u00eancia, a partir de obras in\u00e9ditas, encomendadas a compositores de todo o pa\u00eds. O projeto Sinos integra o programa Arte de Toda Gente, uma parceria entre a Funda\u00e7\u00e3o Nacional de Artes \u2013 Funarte e a Universidade Federal do Rio de Janeiro \u2013 UFRJ, com curadoria de sua Escola de M\u00fasica.\u00a0<\/p><p>As videoaulas da Academia de Reg\u00eancia Sinos est\u00e3o dispon\u00edveis no site <a href=\"http:\/\/www.sinos.art.br\">www.sinos.art.br<\/a> e abordam os diferentes aspectos do trabalho de um regente, desde a parte da t\u00e9cnica gestual at\u00e9 o estudo espec\u00edfico do repert\u00f3rio, passando por aspectos hist\u00f3ricos, conceituais e mesmo de gest\u00e3o, conte\u00fados de outras \u00e1reas de conhecimento que se relacionam transversalmente com sua atividade profissional.\u00a0<\/p><p>Cabe tamb\u00e9m \u00e0 Academia de Reg\u00eancia Sinos coordenar um trabalho de produ\u00e7\u00e3o do Repert\u00f3rio Sinos para as orquestras, tanto com a elabora\u00e7\u00e3o de novas edi\u00e7\u00f5es de obras do passado, muitas delas ainda em manuscritos, quanto pela encomenda de novas obras aos compositores brasileiros contempor\u00e2neos, sempre tendo por base a Tabela de Par\u00e2metros T\u00e9cnicos, que organiza o repert\u00f3rio por n\u00edvel de dificuldade.<\/p><p>A Academia de Reg\u00eancia Sinos tem coordena\u00e7\u00e3o do maestro e professor Andr\u00e9 Cardoso, coordenador geral do Sinos, e conta ainda com os maestros professores Roberto Duarte, Ernani Aguiar, Marcelo Jardim, Tobias Volkmann e Thiago Santos.<\/p>\t\t\t\t\t\t<\/div>\n\t\t\t\t<\/div>\n\t\t\t\t\t<\/div>\n\t\t<\/div>\n\t\t\t\t\t<\/div>\n\t\t<\/section>\n\t\t\t\t<section class=\"elementor-section elementor-top-section elementor-element elementor-element-7a91f00 elementor-section-boxed elementor-section-height-default elementor-section-height-default\" data-id=\"7a91f00\" data-element_type=\"section\" data-settings=\"{&quot;background_background&quot;:&quot;classic&quot;}\">\n\t\t\t\t\t\t<div class=\"elementor-container elementor-column-gap-default\">\n\t\t\t\t\t<div class=\"elementor-column elementor-col-100 elementor-top-column elementor-element elementor-element-cbf3c3a\" data-id=\"cbf3c3a\" data-element_type=\"column\">\n\t\t\t<div class=\"elementor-widget-wrap elementor-element-populated\">\n\t\t\t\t\t\t<div class=\"elementor-element elementor-element-2f7a373 elementor-widget elementor-widget-menu-anchor\" data-id=\"2f7a373\" data-element_type=\"widget\" data-widget_type=\"menu-anchor.default\">\n\t\t\t\t<div class=\"elementor-widget-container\">\n\t\t\t\t\t<div class=\"elementor-menu-anchor\" id=\"apresentacao\"><\/div>\n\t\t\t\t<\/div>\n\t\t\t\t<\/div>\n\t\t\t\t<div class=\"elementor-element elementor-element-dce7127 elementor-widget elementor-widget-heading\" data-id=\"dce7127\" data-element_type=\"widget\" data-widget_type=\"heading.default\">\n\t\t\t\t<div class=\"elementor-widget-container\">\n\t\t\t<h3 class=\"elementor-heading-title elementor-size-default\">ACADEMIA DE REG\u00caNCIA DA UFMG<\/h3>\t\t<\/div>\n\t\t\t\t<\/div>\n\t\t\t\t<div class=\"elementor-element elementor-element-7e945b1 elementor-widget elementor-widget-text-editor\" data-id=\"7e945b1\" data-element_type=\"widget\" data-widget_type=\"text-editor.default\">\n\t\t\t\t<div class=\"elementor-widget-container\">\n\t\t\t\t\t\t\t<p>A <a href=\"https:\/\/inscricoesacademia.wixsite.com\/academiaderegencia\">Academia de Reg\u00eancia da UFMG<\/a> tem seu foco no processo pedag\u00f3gico e na forma\u00e7\u00e3o do profissional da \u00e1rea de reg\u00eancia. Com \u00eanfase em orquestras e bandas, o evento visa criar um espa\u00e7o din\u00e2mico de troca de saberes para estreitar la\u00e7os e promover a cultura.<\/p>\n<p>Regentes profissionais, jovens regentes, pesquisadores, produtores, professores, m\u00fasicos, estudantes e todas as pessoas interessadas no universo da reg\u00eancia s\u00e3o convidadas a participar dessa viv\u00eancia online.<\/p>\n<p>A programa\u00e7\u00e3o vai contar com mesas redondas, palestras, comunica\u00e7\u00f5es de pesquisa e oficinas que abrangem desde a forma\u00e7\u00e3o do regente at\u00e9 os bastidores de uma orquestra.<\/p>\n<p>A realiza\u00e7\u00e3o da II Academia de Reg\u00eancia da UFMG marca a primeira a\u00e7\u00e3o da parceria entre a&nbsp; <a href=\"https:\/\/musica.ufmg.br\/orquestra\/\">Orquestra Sinf\u00f4nica da Escola de M\u00fasica da UFMG<\/a> e o <a href=\"https:\/\/www.sinos.art.br\">SINOS<\/a> (Sistema Nacional de Orquestras Sociais do Brasil).<\/p>\n<p>O SINOS faz parte do Arte de Toda Gente \u2014 programa fruto da parceria entre a Funda\u00e7\u00e3o Nacional da Artes &#8211; Funarte e a Universidade Federal do Rio de Janeiro &#8211; UFRJ.<\/p>\t\t\t\t\t\t<\/div>\n\t\t\t\t<\/div>\n\t\t\t\t\t<\/div>\n\t\t<\/div>\n\t\t\t\t\t<\/div>\n\t\t<\/section>\n\t\t\t\t<section class=\"elementor-section elementor-top-section elementor-element elementor-element-e2c1b6d elementor-section-boxed elementor-section-height-default elementor-section-height-default\" data-id=\"e2c1b6d\" data-element_type=\"section\">\n\t\t\t\t\t\t<div class=\"elementor-container elementor-column-gap-default\">\n\t\t\t\t\t<div class=\"elementor-column elementor-col-100 elementor-top-column elementor-element elementor-element-8f557fb\" data-id=\"8f557fb\" data-element_type=\"column\">\n\t\t\t<div class=\"elementor-widget-wrap elementor-element-populated\">\n\t\t\t\t\t\t<div class=\"elementor-element elementor-element-1d4680d elementor-widget elementor-widget-heading\" data-id=\"1d4680d\" data-element_type=\"widget\" data-widget_type=\"heading.default\">\n\t\t\t\t<div class=\"elementor-widget-container\">\n\t\t\t<h3 class=\"elementor-heading-title elementor-size-default\">ACOMPANHE EM TEMPO REAL PELO INSTAGRAM<\/h3>\t\t<\/div>\n\t\t\t\t<\/div>\n\t\t\t\t\t<\/div>\n\t\t<\/div>\n\t\t\t\t\t<\/div>\n\t\t<\/section>\n\t\t\t\t<section class=\"elementor-section elementor-top-section elementor-element elementor-element-a973c05 elementor-section-boxed elementor-section-height-default elementor-section-height-default\" data-id=\"a973c05\" data-element_type=\"section\">\n\t\t\t\t\t\t<div class=\"elementor-container elementor-column-gap-default\">\n\t\t\t\t\t<div class=\"elementor-column elementor-col-100 elementor-top-column elementor-element elementor-element-c78756d\" data-id=\"c78756d\" data-element_type=\"column\">\n\t\t\t<div class=\"elementor-widget-wrap elementor-element-populated\">\n\t\t\t\t\t\t<div class=\"elementor-element elementor-element-396cdc8 elementor-widget__width-auto elementor-widget elementor-widget-text-editor\" data-id=\"396cdc8\" data-element_type=\"widget\" data-widget_type=\"text-editor.default\">\n\t\t\t\t<div class=\"elementor-widget-container\">\n\t\t\t\t\t\t\tSiga-nos no instagram\t\t\t\t\t\t<\/div>\n\t\t\t\t<\/div>\n\t\t\t\t<div class=\"elementor-element elementor-element-a6719e9 e-grid-align-right elementor-widget__width-auto elementor-shape-rounded elementor-grid-0 elementor-widget elementor-widget-social-icons\" data-id=\"a6719e9\" data-element_type=\"widget\" data-widget_type=\"social-icons.default\">\n\t\t\t\t<div class=\"elementor-widget-container\">\n\t\t\t\t\t<div class=\"elementor-social-icons-wrapper elementor-grid\">\n\t\t\t\t\t\t\t<span class=\"elementor-grid-item\">\n\t\t\t\t\t<a class=\"elementor-icon elementor-social-icon elementor-social-icon-icon-instagram-1 elementor-animation-grow elementor-repeater-item-6fba010\" href=\"https:\/\/www.instagram.com\/academia_ufmg\" target=\"_blank\">\n\t\t\t\t\t\t<span class=\"elementor-screen-only\">Icon-instagram-1<\/span>\n\t\t\t\t\t\t<i class=\"icon icon-instagram-1\"><\/i>\t\t\t\t\t<\/a>\n\t\t\t\t<\/span>\n\t\t\t\t\t<\/div>\n\t\t\t\t<\/div>\n\t\t\t\t<\/div>\n\t\t\t\t\t<\/div>\n\t\t<\/div>\n\t\t\t\t\t<\/div>\n\t\t<\/section>\n\t\t\t\t<\/div>\n\t\t","protected":false},"excerpt":{"rendered":"<p>As Academias de Reg\u00eancia SINOS e UFMG se unem na promo\u00e7\u00e3o deste evento ACADEMIA DE REG\u00caNCIA SINOS A Academia de Reg\u00eancia Sinos \u00e9 uma das linhas de atua\u00e7\u00e3o do Sistema Nacional de Orquestras Sociais e tem como foco n\u00e3o somente os jovens regentes, mas tamb\u00e9m as orquestras dos projetos sociais, oferecendo a eles conte\u00fado did\u00e1tico [&hellip;]<\/p>\n","protected":false},"author":1,"featured_media":0,"parent":0,"menu_order":0,"comment_status":"closed","ping_status":"closed","template":"","meta":{"inline_featured_image":false,"footnotes":""},"class_list":["post-35","page","type-page","status-publish","hentry"],"_links":{"self":[{"href":"https:\/\/academiaderegenciaufmg.sinos.art.br\/index.php?rest_route=\/wp\/v2\/pages\/35","targetHints":{"allow":["GET"]}}],"collection":[{"href":"https:\/\/academiaderegenciaufmg.sinos.art.br\/index.php?rest_route=\/wp\/v2\/pages"}],"about":[{"href":"https:\/\/academiaderegenciaufmg.sinos.art.br\/index.php?rest_route=\/wp\/v2\/types\/page"}],"author":[{"embeddable":true,"href":"https:\/\/academiaderegenciaufmg.sinos.art.br\/index.php?rest_route=\/wp\/v2\/users\/1"}],"replies":[{"embeddable":true,"href":"https:\/\/academiaderegenciaufmg.sinos.art.br\/index.php?rest_route=%2Fwp%2Fv2%2Fcomments&post=35"}],"version-history":[{"count":133,"href":"https:\/\/academiaderegenciaufmg.sinos.art.br\/index.php?rest_route=\/wp\/v2\/pages\/35\/revisions"}],"predecessor-version":[{"id":1390,"href":"https:\/\/academiaderegenciaufmg.sinos.art.br\/index.php?rest_route=\/wp\/v2\/pages\/35\/revisions\/1390"}],"wp:attachment":[{"href":"https:\/\/academiaderegenciaufmg.sinos.art.br\/index.php?rest_route=%2Fwp%2Fv2%2Fmedia&parent=35"}],"curies":[{"name":"wp","href":"https:\/\/api.w.org\/{rel}","templated":true}]}}